d 57?
19
Let j(y) = 3*y + 10. Let h be j(0). What is the greatest common divisor of h and 40?
10
Suppose -3*h = -5*t - 106, h = 3*t + 2*t + 52. Calculate the greatest common divisor of h and 135.
27
Suppose 5*o = -3*b + 309, 5*b + 93 + 12 = 2*o. Let k = -7 - -17. What is the greatest common factor of o and k?
10
Suppose -480 = -4*w - 4*p, 4*w - 9*w + 600 = 4*p. Calculate the greatest common divisor of w and 15.
15
Let z(x) = -6*x - 2. Let w be z(-2). What is the greatest common factor of 25 and w?
5
Let i be (10/(-3))/(-1)*3. Suppose -3*u - l + 240 = 0, -151 - 89 = -3*u + 5*l. What is the greatest common factor of u and i?
10
Let g(w) = w**2 + w. Let u be g(3). Let h be 1/(-1) + 97/1. What is the greatest common factor of h and u?
12
Let d be (-2)/(-2)*(-3 - 15). Let k = -12 - d. Suppose 3*j + 15 = 0, o = 2*o - j - 71. Calculate the greatest common divisor of o and k.
6
Let w(m) = 15*m - 2. Let j be w(1). Suppose 3*l - 26 - j = 0. Calculate the greatest common factor of l and 26.
13
Let w = 17 - 9. Let y(o) = 8*o + 8. Let k be y(6). Calculate the highest common divisor of k and w.
8
Suppose 0 = 11*u - 8*u - 24. Calculate the highest common divisor of u and 56.
8
Let m(c) = 2*c**3 - 5*c**2 + 5*c - 2. Let h be m(2). What is the greatest common factor of 10 and h?
2
Let g be 1/3 - 20/(-3). Let j = -3 + g. Calculate the highest common factor of j and 36.
4
Let g(q) = -4*q**2 + 2 + 0*q**2 + 5*q**2 - 4*q. Let s be g(2). Let u be ((-4)/s)/1 + 0. Calculate the greatest common divisor of 18 and u.
2
Let y(s) = -s + 8. Let i be y(10). Let v = i + 18. What is the highest common factor of v and 4?
4
Let h(f) = -49*f - 1. Let m(l) = l**2 + 14*l - 1. Let r be m(-14). Let t be h(r). Calculate the greatest common divisor of 32 and t.
16
Suppose 0 = -4*x + 2717 - 677. Suppose 5*p - 2*d - 535 = 0, -5*p - 6*d + 3*d + x = 0. Calculate the greatest common factor of p and 15.
15
Let m(z) = -93*z - 3. Let o be m(-1). What is the greatest common factor of o and 36?
18
Suppose -2*p - 4*h + 34 = p, -h = 4*p - 67. Let c = 36 - p. What is the greatest common divisor of 198 and c?
18
Let g(w) = -w**3 + 5*w**2 - 4. Let s be g(4). Let y be (3/2)/((-3)/4). Let c be (s + y)*(-96)/(-10). What is the greatest common divisor of c and 12?
12
Let p be (31 - (-2 + 2)) + -3. Calculate the greatest common divisor of p and 7.
7
Let b(o) = -3*o + 3. Let i be b(-1). Calculate the greatest common divisor of i and 12.
6
Suppose i - 3*w - 7 - 16 = 0, -3*i + 3*w = -39. Suppose -4*t - 8 = -i*t. Let h(l) = 5*l + 2. Let q be h(t). Calculate the highest common factor of 6 and q.
6
Let q(r) = r - 11. Let w be q(5). Let j be (-1)/3 - 8/w. Suppose -5*y - 4*z = -29, 0*y = y + z - 5. Calculate the greatest common factor of j and y.
1
Let q(l) = -4*l**2 - 3*l + 14*l**2 + 2*l + 3 + l**3. Let c be q(-10). What is the greatest common factor of 26 and c?
13
Suppose -4*y = -38 - 10. What is the highest common divisor of y and 60?
12
Let t(i) = 0*i - 8*i**2 + 10*i**2 - 3*i - 3. Let u be t(4). What is the highest common factor of 187 and u?
17
Let r = -20 - 1. Let o be 63/(-6)*36/r. What is the highest common divisor of 90 and o?
18
Let g = -334 - -550. Let b be (-3)/2*118/(-3). Let u = b + -35. Calculate the highest common factor of u and g.
24
Let a(v) = v**3 + 11*v**2 - v - 4. Let j be a(-11). Calculate the highest common divisor of j and 70.
7
Let t(i) = i**2 + i + 56. Let j be t(0). Calculate the highest common factor of 14 and j.
14
Suppose -3*i - 3*d = -22 - 2, 0 = 4*i + 3*d - 28. Let l be (-124)/(-12) + i/6. Calculate the highest common factor of 22 and l.
11
Let l(s) = -s**2 - 6*s. Let z be l(-5). Calculate the highest common factor of 40 and z.
5
Let x = -47 - -77. Suppose 0 = -4*g, -3*h + h = 3*g - x. Suppose a = -4*a + 75. Calculate the greatest common factor of h and a.
15
Let b be (-3)/(27/6)*-3. Let z(o) = -o**2 - 8*o - 7. Let f be z(-5). What is the highest common divisor of b and f?
2
Suppose -w = 5*l + 3*w - 9, -3*w = -3. Calculate the greatest common factor of l and 11.
1
Let z(t) = t**3 - 14*t**2 + 8*t - 20. Let b be z(14). Let g = -53 + b. What is the highest common divisor of 13 and g?
13
Let h = -10 + 18. Suppose 3*n = h*n - 5. What is the greatest common divisor of 11 and n?
1
Let m(d) = 4*d**3 - 2*d**2 + 3*d - 2. Let j be m(1). Calculate the greatest common factor of j and 9.
3
Let q = 2 + -3. Let h = q - -5. Let z be 3/(140/64 + -2). What is the greatest common divisor of z and h?
4
Suppose 0 = -j + 36 + 4. Let c = 84 - j. Calculate the greatest common factor of 110 and c.
22
Let j = 10 + -9. Suppose -26 + j = -5*w. What is the greatest common factor of 20 and w?
5
Let r(x) = -x**3 - 4*x**2 - 4*x - 3. Let d be r(-3). Suppose 5*s - 35 = -2*n, d*n = -3*n - 3*s + 75. What is the highest common divisor of 330 and n?
30
Let s be 3/18*4 - (-1880)/15. Calculate the highest common divisor of 18 and s.
18
Suppose 0 = 125*b - 126*b + 15. What is the highest common divisor of b and 5?
5
Let b = -28 + 33. What is the highest common divisor of 15 and b?
5
Suppose -5*y - 3*q = -4*q - 822, -2*y + 5*q = -315. Let x = -37 - -52. What is the highest common divisor of y and x?
15
Let x = -45 + 68. Suppose 2*k = v - 2*k + 1, -2*k = -5*v - x. Let b be (2 + (1 - v))*14. Calculate the greatest common divisor of 14 and b.
14
Suppose 4*a = 7*a - 45. Calculate the highest common factor of a and 105.
15
Suppose 5*u + 2*m - 3 - 28 = 0, 0 = -3*u + 2*m + 25. Let r be 7*1/(-3)*-33. Calculate the greatest common factor of r and u.
7
Let m be -6 + 8 - -1*1. Let c be 2*(m - (0 + 1)). Calculate the greatest common factor of 20 and c.
4
Let x(h) = h**3 - 11*h**2 + 17*h - 16. Let z be x(10). Let p = -10 + 28. Calculate the greatest common factor of p and z.
18
Let y = -8 - -8. Suppose y = n + 3*n - 16. Let c be (-136)/(-14) + n/14. Calculate the greatest common factor of c and 10.
10
Suppose -6*y + 80 = -5*y. Calculate the highest common factor of y and 10.
10
Let i = 56 + -28. Let j = -6 + i. What is the highest common factor of j and 198?
22
Suppose 155 = 5*q + 5*t, q + 2*t - 9 = 27. What is the greatest common factor of q and 130?
26
Let x(n) = -n**3 + 2*n - 1 - n + 4 + 3*n**2. Let p be x(3). Let a be (17 - 3)*(-36)/(-21). Calculate the greatest common factor of p and a.
6
Suppose -2*t = 5*h - 43, 3*h + 1 - 42 = -5*t. Let r(w) = 3*w - 10. Let k = -1 - -9. Let m be r(k). What is the greatest common divisor of m and h?
7
Suppose 3*k - o - 107 = 0, -5*k + 2*k = 2*o - 110. Calculate the greatest common factor of k and 12.
12
Let o = -10 - -18. Let p = 398 + -386. Calculate the greatest common divisor of p and o.
4
Let i(m) = -39*m + 6. Let z be i(-2). What is the highest common factor of 14 and z?
14
Suppose 2*o - 6*o - v + 40 = 0, 0 = 4*o - 4*v - 20. Calculate the greatest common factor of 6 and o.
3
Let j(m) = -8*m - 72. Let i be j(-12). Suppose 7*a = 3*a + 24. What is the greatest common factor of i and a?
6
Suppose -2*l - n = -10, 2*n - 16 - 7 = -5*l. Suppose l*g + 16 = 352. What is the highest common divisor of g and 16?
16
Suppose 42 = f + 4*g, 0 = -5*f + g + 6 + 204. What is the greatest common factor of 6 and f?
6
Let a be ((-28)/(-8))/7*84. Let k = 27 - -1. Calculate the greatest common divisor of k and a.
14
Let o = 11 + 11. Calculate the greatest common divisor of o and 66.
22
Suppose 6*y = y + 25, 4*r = -y + 49. Let k be -9 + (2 - 2 - -1). Let i be 1/(-4) + (-90)/k. Calculate the highest common divisor of i and r.
11
Suppose 2*c - 23 = -b, 2*c = -0*c + 2. Suppose 2*i + 2*p + 3*p - 210 = 0, i - p - 105 = 0. Calculate the greatest common divisor of b and i.
21
Let s(o) = -o - 1. Let d be (-3)/((-6)/(-2)) + 2. Let t be s(d). Let u(p) = -p. Let c be u(t). What is the greatest common divisor of 2 and c?
2
Let x = -10 + 15. Suppose -4*f + 52 = 4*a - 52, 0 = -a + 1. Calculate the highest common divisor of f and x.
5
Suppose 0 = -2*x - 0*x + 8. Suppose 0 = z - 4*u - 12, x*z - 45 - 3 = -u. Calculate the greatest common divisor of z and 12.
12
Suppose 439 = 7*z - 289. Calculate the greatest common factor of 8 and z.
8
Let i(b) = -b**2 - 3*b - 8. Let r be i(-6). Let m = 38 + r. What is the greatest common divisor of 48 and m?
12
Let n = 43 - 37. What is the highest common factor of n and 48?
6
Let f be (-2)/((-8)